{"id":38,"date":"2024-11-18T19:58:05","date_gmt":"2024-11-18T19:58:05","guid":{"rendered":"https:\/\/aseopereira.gov.co\/?page_id=38"},"modified":"2024-11-26T22:53:27","modified_gmt":"2024-11-26T22:53:27","slug":"pqrsd","status":"publish","type":"page","link":"https:\/\/aseopereira.gov.co\/index.php\/atencion-y-servicios-a-la-ciudadania\/pqrsd\/","title":{"rendered":"PQRSD"},"content":{"rendered":"\t\t<div data-elementor-type=\"wp-page\" data-elementor-id=\"38\" class=\"elementor elementor-38\" data-elementor-post-type=\"page\">\n\t\t\t\t<div class=\"elementor-element elementor-element-41314f4 e-flex e-con-boxed e-con e-parent\" data-id=\"41314f4\" data-element_type=\"container\" data-e-type=\"container\">\n\t\t\t\t\t<div class=\"e-con-inner\">\n\t\t\t\t<div class=\"elementor-element elementor-element-e1c70c7 elementor-widget elementor-widget-elementskit-heading\" data-id=\"e1c70c7\" data-element_type=\"widget\" data-e-type=\"widget\" data-widget_type=\"elementskit-heading.default\">\n\t\t\t\t<div class=\"elementor-widget-container\">\n\t\t\t\t\t<div class=\"ekit-wid-con\" ><div class=\"ekit-heading elementskit-section-title-wraper text_center   ekit_heading_tablet-   ekit_heading_mobile-\"><h2 class=\"ekit-heading--title elementskit-section-title \">PQRSDF<\/h2><\/div><\/div>\t\t\t\t<\/div>\n\t\t\t\t<\/div>\n\t\t\t\t\t<\/div>\n\t\t\t\t<\/div>\n\t\t<div class=\"elementor-element elementor-element-2b70b65 e-flex e-con-boxed e-con e-parent\" data-id=\"2b70b65\" data-element_type=\"container\" data-e-type=\"container\">\n\t\t\t\t\t<div class=\"e-con-inner\">\n\t\t\t\t<div class=\"elementor-element elementor-element-cecfaa7 elementor-widget elementor-widget-text-editor\" data-id=\"cecfaa7\" data-element_type=\"widget\" data-e-type=\"widget\" data-widget_type=\"text-editor.default\">\n\t\t\t\t<div class=\"elementor-widget-container\">\n\t\t\t\t\t\t\t\t\t<p><strong>En este formulario puede registrar Peticiones, Quejas, Reclamos, Solicitudes de Informaci\u00f3n, Denuncias o Felicitaciones, por temas de nuestra competencia. Escriba sus datos y el detalle de la solicitud. Aseg\u00farese de dejar la informaci\u00f3n necesaria para responderle. Los campos con (*) son obligatorios.<\/strong><\/p>\t\t\t\t\t\t\t\t<\/div>\n\t\t\t\t<\/div>\n\t\t\t\t\t<\/div>\n\t\t\t\t<\/div>\n\t\t<div class=\"elementor-element elementor-element-deeb69c e-flex e-con-boxed e-con e-parent\" data-id=\"deeb69c\" data-element_type=\"container\" data-e-type=\"container\">\n\t\t\t\t\t<div class=\"e-con-inner\">\n\t\t\t\t<div class=\"elementor-element elementor-element-f02fbbc elementor-align-justify elementor-widget elementor-widget-button\" data-id=\"f02fbbc\" data-element_type=\"widget\" data-e-type=\"widget\" data-widget_type=\"button.default\">\n\t\t\t\t<div class=\"elementor-widget-container\">\n\t\t\t\t\t\t\t\t\t<div class=\"elementor-button-wrapper\">\n\t\t\t\t\t<a class=\"elementor-button elementor-button-link elementor-size-sm\" href=\"https:\/\/aseopereira.netsaia.com\/ws\/pqr\/index.html\">\n\t\t\t\t\t\t<span class=\"elementor-button-content-wrapper\">\n\t\t\t\t\t\t\t\t\t<span class=\"elementor-button-text\">REGISTRE SU PQRSDF<\/span>\n\t\t\t\t\t<\/span>\n\t\t\t\t\t<\/a>\n\t\t\t\t<\/div>\n\t\t\t\t\t\t\t\t<\/div>\n\t\t\t\t<\/div>\n\t\t\t\t\t<\/div>\n\t\t\t\t<\/div>\n\t\t<div class=\"elementor-element elementor-element-e01d289 e-flex e-con-boxed e-con e-parent\" data-id=\"e01d289\" data-element_type=\"container\" data-e-type=\"container\">\n\t\t\t\t\t<div class=\"e-con-inner\">\n\t\t\t\t<div class=\"elementor-element elementor-element-9ff7da6 elementor-widget elementor-widget-text-editor\" data-id=\"9ff7da6\" data-element_type=\"widget\" data-e-type=\"widget\" data-widget_type=\"text-editor.default\">\n\t\t\t\t<div class=\"elementor-widget-container\">\n\t\t\t\t\t\t\t\t\t<p>Se\u00f1or usuario, si usted considera que su identidad debe mantenerse reservada por encontrarse en alguna de las circunstancias establecidas en el par\u00e1grafo del art\u00edculo 4 de la ley 1712\/2014, deber\u00e1 diligenciar su petici\u00f3n a trav\u00e9s del siguiente enlace Realizar Petici\u00f3n.<\/p><p>As\u00ed mismo, y en aras de garantizar brindarle un mejor servicio y teniendo en cuenta el derecho al que todas las personas tienen de presentar peticiones, quejas, reclamos, solicitudes de informaci\u00f3n, etc., de manera respetuosa a las autoridades por motivos de inter\u00e9s general o particular y a obtener pronta respuesta, consideramos pertinente definir algunos conceptos de inter\u00e9s, que los ayudaran a orientarlas de acuerdo a lo que requiere presentar ante nuestra entidad:<\/p><p>Todas las personas tienen derecho a presentar peticiones respetuosas a las autoridades por motivos de inter\u00e9s general o particular y a obtener pronta resoluci\u00f3n.<\/p><p>Petici\u00f3n o derecho de petici\u00f3n: es aquel derecho que tiene toda persona para solicitar o reclamar ante las autoridades competentes por razones de inter\u00e9s general o inter\u00e9s particular para elevar solicitudes respetuosas de informaci\u00f3n y\/o consulta y para obtener pronta resoluci\u00f3n de las mismas.<\/p><ul><li><strong>Queja:<\/strong>\u00a0Cualquier expresi\u00f3n verbal, escrita o en medio electr\u00f3nica de insatisfacci\u00f3n con la conducta o la acci\u00f3n de los servidores p\u00fablicos o de los particulares que llevan a cabo una funci\u00f3n estatal y que requiere una respuesta. (Las quejas deben ser resueltas, atendidas o contestadas dentro de los quince (15) d\u00edas siguientes a la fecha de su presentaci\u00f3n.<\/li><li><strong>Reclamo:<\/strong>\u00a0Cualquier expresi\u00f3n verbal, escrita o en medio electr\u00f3nico, de insatisfacci\u00f3n referida a la prestaci\u00f3n de un servicio o la deficiente atenci\u00f3n de una autoridad p\u00fablica, es decir, es una declaraci\u00f3n formal por el incumplimiento de un derecho que ha sido perjudicado o amenazado, ocasionado por la deficiente prestaci\u00f3n o suspensi\u00f3n injustificada del servicio. (Los reclamos deben ser resueltos, atendidos o contestados dentro de los quince (15) d\u00edas siguientes a la fecha de su presentaci\u00f3n).<\/li><li><strong>Solicitud de Informaci\u00f3n:<\/strong>\u00a0Es el requerimiento que hace una persona natural o jur\u00eddica, p\u00fablica o privada, con el fin de que se le brinde informaci\u00f3n y orientaci\u00f3n relacionada con los servicios propios de la Entidad.<\/li><li><strong>T\u00e9rmino de respuesta:<\/strong>\u00a0persona natural o jur\u00eddica y entidad privada 15 d\u00edas h\u00e1biles siguientes a la recepci\u00f3n; entidad p\u00fablica, 10 d\u00edas h\u00e1biles siguientes a la recepci\u00f3n; miembros del Congreso, 5 d\u00edas h\u00e1biles siguientes a la recepci\u00f3n.<\/li><li><strong>Denuncia:<\/strong>\u00a0Es la puesta en conocimiento ante una autoridad competente de una conducta posiblemente irregular, para que se adelante la correspondiente investigaci\u00f3n Archiv\u00edstica, disciplinaria, fiscal, administrativa sancionatoria, \u00e9tico profesional y\/o penal.<\/li><\/ul><p>Para realizar la denuncia, debe brindar informaci\u00f3n cierta, clara y espec\u00edfica del posible hecho o acto de corrupci\u00f3n y del servidor p\u00fablico o contratista que cometi\u00f3 la falta. La denuncia de corrupci\u00f3n o de conflictos de intereses debe relatar las circunstancias de modo, tiempo y lugar del hecho denunciado, as\u00ed: \u2022 \u00bfqu\u00e9 ocurri\u00f3?, \u00bfc\u00f3mo ocurri\u00f3?, \u00bfcu\u00e1ndo ocurri\u00f3?, \u00bfd\u00f3nde ocurri\u00f3?, \u00bfqui\u00e9n lo hizo?, \u00bfqui\u00e9nes participaron? En caso de tenerlas, el denunciante debe aportar las pruebas de la denuncia.<\/p><ul><li><strong>Felicitaci\u00f3n:<\/strong>\u00a0Es una manifestaci\u00f3n de reconocimiento a la Empresa de Aseo de Pereira S.A.S. ESP por sus labores o acciones realizadas en cumplimiento de su Misi\u00f3n<\/li><\/ul><p>NOTA: Si la respuesta a la solicitud hecha por el usuario implica la impresi\u00f3n o duplicados de documentos, el solicitante pagar\u00e1 los costos de reproducci\u00f3n de acuerdo a las tarifas se\u00f1aladas en el acto administrativo que las estipula<\/p>\t\t\t\t\t\t\t\t<\/div>\n\t\t\t\t<\/div>\n\t\t\t\t\t<\/div>\n\t\t\t\t<\/div>\n\t\t\t\t<\/div>\n\t\t","protected":false},"excerpt":{"rendered":"<p>PQRSDF En este formulario puede registrar Peticiones, Quejas, Reclamos, Solicitudes de Informaci\u00f3n, Denuncias o Felicitaciones, por temas de nuestra competencia. Escriba sus datos y el detalle de la solicitud. Aseg\u00farese de dejar la informaci\u00f3n necesaria para responderle. Los campos con (*) son obligatorios. REGISTRE SU PQRSDF Se\u00f1or usuario, si usted considera que su identidad debe [&hellip;]<\/p>\n","protected":false},"author":1,"featured_media":0,"parent":26,"menu_order":0,"comment_status":"closed","ping_status":"closed","template":"elementor_header_footer","meta":{"footnotes":""},"class_list":["post-38","page","type-page","status-publish","hentry","entry"],"_links":{"self":[{"href":"https:\/\/aseopereira.gov.co\/index.php\/wp-json\/wp\/v2\/pages\/38","targetHints":{"allow":["GET"]}}],"collection":[{"href":"https:\/\/aseopereira.gov.co\/index.php\/wp-json\/wp\/v2\/pages"}],"about":[{"href":"https:\/\/aseopereira.gov.co\/index.php\/wp-json\/wp\/v2\/types\/page"}],"author":[{"embeddable":true,"href":"https:\/\/aseopereira.gov.co\/index.php\/wp-json\/wp\/v2\/users\/1"}],"replies":[{"embeddable":true,"href":"https:\/\/aseopereira.gov.co\/index.php\/wp-json\/wp\/v2\/comments?post=38"}],"version-history":[{"count":7,"href":"https:\/\/aseopereira.gov.co\/index.php\/wp-json\/wp\/v2\/pages\/38\/revisions"}],"predecessor-version":[{"id":412,"href":"https:\/\/aseopereira.gov.co\/index.php\/wp-json\/wp\/v2\/pages\/38\/revisions\/412"}],"up":[{"embeddable":true,"href":"https:\/\/aseopereira.gov.co\/index.php\/wp-json\/wp\/v2\/pages\/26"}],"wp:attachment":[{"href":"https:\/\/aseopereira.gov.co\/index.php\/wp-json\/wp\/v2\/media?parent=38"}],"curies":[{"name":"wp","href":"https:\/\/api.w.org\/{rel}","templated":true}]}}